{"id":353,"date":"2022-04-02T14:10:57","date_gmt":"2022-04-02T12:10:57","guid":{"rendered":"http:\/\/tc-schoeffengrund.de\/?post_type=tribe_events&#038;p=353"},"modified":"2022-04-02T14:28:10","modified_gmt":"2022-04-02T12:28:10","slug":"saisonabschluss-2022","status":"publish","type":"tribe_events","link":"http:\/\/tc-schoeffengrund.de\/?tribe_events=saisonabschluss-2022","title":{"rendered":"Saisonabschluss 2022"},"content":{"rendered":"<p><span id=\"page1R_mcid2\" class=\"markedContent\"><span dir=\"ltr\" role=\"presentation\">A<\/span><\/span><span id=\"page1R_mcid3\" class=\"markedContent\"><span dir=\"ltr\" role=\"presentation\">uch in diesem Jahr m\u00f6chten wir gerne den Abschluss der Sommersaison<\/span><\/span><span id=\"page1R_mcid4\" class=\"markedContent\"><br role=\"presentation\"><span dir=\"ltr\" role=\"presentation\">gemeinsam mit allen Mitgliedern und Freunden feiern.<\/span><\/span><\/p>\n<p><span id=\"page1R_mcid5\" class=\"markedContent\"><\/span><span id=\"page1R_mcid5\" class=\"markedContent\"><span dir=\"ltr\" role=\"presentation\">Am <strong>Sonntag,<\/strong><\/span><\/span><strong><span id=\"page1R_mcid6\" class=\"markedContent\"> <span dir=\"ltr\" role=\"presentation\">den 18.09.2022 ab 10:00 Uhr<\/span><\/span><\/strong><span id=\"page1R_mcid7\" class=\"markedContent\"> <span dir=\"ltr\" role=\"presentation\">laden dazu herzlich dazu ein.<\/span><\/span><span id=\"page1R_mcid8\" class=\"markedContent\"><br role=\"presentation\"><\/span><\/p>\n<p><span id=\"page1R_mcid8\" class=\"markedContent\"><span dir=\"ltr\" role=\"presentation\">Mit sportlichen Aktivit\u00e4ten, gut gek\u00fchlten Getr\u00e4nken und anschlie\u00dfendem Grillen,<\/span><\/span><span id=\"page1R_mcid9\" class=\"markedContent\"><br role=\"presentation\"><span dir=\"ltr\" role=\"presentation\">wollen wir die Saison 2022 mit guter Laune verabschieden.<\/span><\/span><\/p>\n","protected":false},"excerpt":{"rendered":"<p>Auch in diesem Jahr m\u00f6chten wir gerne den Abschluss der Sommersaisongemeinsam mit allen Mitgliedern und Freunden feiern. Am Sonntag, den<\/p>\n","protected":false},"author":1,"featured_media":0,"template":"","meta":{"ngg_post_thumbnail":0,"_tribe_events_status":"","_tribe_events_status_reason":"","footnotes":""},"tags":[],"tribe_events_cat":[8],"class_list":["post-353","tribe_events","type-tribe_events","status-publish","hentry","tribe_events_cat-oeffentlich","cat_oeffentlich"],"_links":{"self":[{"href":"http:\/\/tc-schoeffengrund.de\/index.php?rest_route=\/wp\/v2\/tribe_events\/353","targetHints":{"allow":["GET"]}}],"collection":[{"href":"http:\/\/tc-schoeffengrund.de\/index.php?rest_route=\/wp\/v2\/tribe_events"}],"about":[{"href":"http:\/\/tc-schoeffengrund.de\/index.php?rest_route=\/wp\/v2\/types\/tribe_events"}],"author":[{"embeddable":true,"href":"http:\/\/tc-schoeffengrund.de\/index.php?rest_route=\/wp\/v2\/users\/1"}],"version-history":[{"count":2,"href":"http:\/\/tc-schoeffengrund.de\/index.php?rest_route=\/wp\/v2\/tribe_events\/353\/revisions"}],"predecessor-version":[{"id":357,"href":"http:\/\/tc-schoeffengrund.de\/index.php?rest_route=\/wp\/v2\/tribe_events\/353\/revisions\/357"}],"wp:attachment":[{"href":"http:\/\/tc-schoeffengrund.de\/index.php?rest_route=%2Fwp%2Fv2%2Fmedia&parent=353"}],"wp:term":[{"taxonomy":"post_tag","embeddable":true,"href":"http:\/\/tc-schoeffengrund.de\/index.php?rest_route=%2Fwp%2Fv2%2Ftags&post=353"},{"taxonomy":"tribe_events_cat","embeddable":true,"href":"http:\/\/tc-schoeffengrund.de\/index.php?rest_route=%2Fwp%2Fv2%2Ftribe_events_cat&post=353"}],"curies":[{"name":"wp","href":"https:\/\/api.w.org\/{rel}","templated":true}]}}

<p><span id="page1R_mcid2" class="markedContent"><span dir="ltr" role="presentation">A</span></span><span id="page1R_mcid3" class="markedContent"><span dir="ltr" role="presentation">uch in diesem Jahr möchten wir gerne den Abschluss der Sommersaison</span></span><span id="page1R_mcid4" class="markedContent"><br role="presentation"><span dir="ltr" role="presentation">gemeinsam mit allen Mitgliedern und Freunden feiern.</span></span></p>
<p><span id="page1R_mcid5" class="markedContent"></span><span id="page1R_mcid5" class="markedContent"><span dir="ltr" role="presentation">Am <strong>Sonntag,</strong></span></span><strong><span id="page1R_mcid6" class="markedContent"> <span dir="ltr" role="presentation">den 18.09.2022 ab 10:00 Uhr</span></span></strong><span id="page1R_mcid7" class="markedContent"> <span dir="ltr" role="presentation">laden dazu herzlich dazu ein.</span></span><span id="page1R_mcid8" class="markedContent"><br role="presentation"></span></p>
<p><span id="page1R_mcid8" class="markedContent"><span dir="ltr" role="presentation">Mit sportlichen Aktivitäten, gut gekühlten Getränken und anschließendem Grillen,</span></span><span id="page1R_mcid9" class="markedContent"><br role="presentation"><span dir="ltr" role="presentation">wollen wir die Saison 2022 mit guter Laune verabschieden.</span></span></p>

<p>Auch in diesem Jahr möchten wir gerne den Abschluss der Sommersaisongemeinsam mit allen Mitgliedern und Freunden feiern. Am Sonntag, den</p>
