{"id":40,"date":"2018-04-25T22:30:36","date_gmt":"2018-04-25T20:30:36","guid":{"rendered":"http:\/\/tc-schoeffengrund.de\/?page_id=40"},"modified":"2022-04-02T14:49:25","modified_gmt":"2022-04-02T12:49:25","slug":"herren-65","status":"publish","type":"page","link":"http:\/\/tc-schoeffengrund.de\/?page_id=40","title":{"rendered":"Herren 65"},"content":{"rendered":"<p><img loading=\"lazy\" decoding=\"async\" class=\"alignnone wp-image-92 size-large\" src=\"http:\/\/tc-schoeffengrund.de\/wp-content\/uploads\/2018\/05\/H65_2018-1024x575.jpg\" alt=\"\" width=\"700\" height=\"393\" srcset=\"http:\/\/tc-schoeffengrund.de\/wp-content\/uploads\/2018\/05\/H65_2018-1024x575.jpg 1024w, http:\/\/tc-schoeffengrund.de\/wp-content\/uploads\/2018\/05\/H65_2018-300x169.jpg 300w, http:\/\/tc-schoeffengrund.de\/wp-content\/uploads\/2018\/05\/H65_2018-768x431.jpg 768w, http:\/\/tc-schoeffengrund.de\/wp-content\/uploads\/2018\/05\/H65_2018.jpg 1200w\" sizes=\"auto, (max-width: 700px) 100vw, 700px\" \/><\/p>\n<p>v.l.n.r: Heinrich Kasparbauer, Karl Wagner, J\u00fcrgen Czapiewski, Werner Scherer (MF), Harald von der H\u00f6h, Klaus Sch\u00e4fer, Hans Maas<\/p>\n<p>Es fehlen: Gerhard Weber und G\u00fcnther Glei\u00dfner<\/p>\n<p>&nbsp;<\/p>\n<p>2022 spielen unsere H65 in der <a href=\"https:\/\/htv.liga.nu\/cgi-bin\/WebObjects\/nuLigaTENDE.woa\/wa\/groupPage?championship=TB+Mittelhessen+22&amp;group=63\">Bezirksliga B<\/a>.<\/p>\n","protected":false},"excerpt":{"rendered":"<p>v.l.n.r: Heinrich Kasparbauer, Karl Wagner, J\u00fcrgen Czapiewski, Werner Scherer (MF), Harald von der H\u00f6h, Klaus Sch\u00e4fer, Hans Maas Es fehlen:<\/p>\n","protected":false},"author":1,"featured_media":0,"parent":0,"menu_order":0,"comment_status":"closed","ping_status":"closed","template":"","meta":{"ngg_post_thumbnail":0,"footnotes":""},"class_list":["post-40","page","type-page","status-publish","hentry"],"_links":{"self":[{"href":"http:\/\/tc-schoeffengrund.de\/index.php?rest_route=\/wp\/v2\/pages\/40","targetHints":{"allow":["GET"]}}],"collection":[{"href":"http:\/\/tc-schoeffengrund.de\/index.php?rest_route=\/wp\/v2\/pages"}],"about":[{"href":"http:\/\/tc-schoeffengrund.de\/index.php?rest_route=\/wp\/v2\/types\/page"}],"author":[{"embeddable":true,"href":"http:\/\/tc-schoeffengrund.de\/index.php?rest_route=\/wp\/v2\/users\/1"}],"replies":[{"embeddable":true,"href":"http:\/\/tc-schoeffengrund.de\/index.php?rest_route=%2Fwp%2Fv2%2Fcomments&post=40"}],"version-history":[{"count":11,"href":"http:\/\/tc-schoeffengrund.de\/index.php?rest_route=\/wp\/v2\/pages\/40\/revisions"}],"predecessor-version":[{"id":367,"href":"http:\/\/tc-schoeffengrund.de\/index.php?rest_route=\/wp\/v2\/pages\/40\/revisions\/367"}],"wp:attachment":[{"href":"http:\/\/tc-schoeffengrund.de\/index.php?rest_route=%2Fwp%2Fv2%2Fmedia&parent=40"}],"curies":[{"name":"wp","href":"https:\/\/api.w.org\/{rel}","templated":true}]}}

<p><img loading="lazy" decoding="async" class="alignnone wp-image-92 size-large" src="http://tc-schoeffengrund.de/wp-content/uploads/2018/05/H65_2018-1024x575.jpg" alt="" width="700" height="393" srcset="http://tc-schoeffengrund.de/wp-content/uploads/2018/05/H65_2018-1024x575.jpg 1024w, http://tc-schoeffengrund.de/wp-content/uploads/2018/05/H65_2018-300x169.jpg 300w, http://tc-schoeffengrund.de/wp-content/uploads/2018/05/H65_2018-768x431.jpg 768w, http://tc-schoeffengrund.de/wp-content/uploads/2018/05/H65_2018.jpg 1200w" sizes="auto, (max-width: 700px) 100vw, 700px" /></p>
<p>v.l.n.r: Heinrich Kasparbauer, Karl Wagner, Jürgen Czapiewski, Werner Scherer (MF), Harald von der Höh, Klaus Schäfer, Hans Maas</p>
<p>Es fehlen: Gerhard Weber und Günther Gleißner</p>
<p>&nbsp;</p>
<p>2022 spielen unsere H65 in der <a href="https://htv.liga.nu/cgi-bin/WebObjects/nuLigaTENDE.woa/wa/groupPage?championship=TB+Mittelhessen+22&amp;group=63">Bezirksliga B</a>.</p>

<p>v.l.n.r: Heinrich Kasparbauer, Karl Wagner, Jürgen Czapiewski, Werner Scherer (MF), Harald von der Höh, Klaus Schäfer, Hans Maas Es fehlen:</p>
