{"id":32,"date":"2018-04-25T22:30:36","date_gmt":"2018-04-25T20:30:36","guid":{"rendered":"http:\/\/tc-schoeffengrund.de\/?page_id=32"},"modified":"2018-11-22T22:13:23","modified_gmt":"2018-11-22T20:13:23","slug":"chronik","status":"publish","type":"page","link":"http:\/\/tc-schoeffengrund.de\/?page_id=32","title":{"rendered":"Chronik"},"content":{"rendered":"<div id=\"_mcePaste\"><strong>Vereinschronik des TC Sch\u00f6ffengrund e.V. (<em>z.Zt. noch unvollst\u00e4ndig!<\/em>)<\/strong><\/div>\n<div>&nbsp;<\/div>\n<div>1985 &#8211; Vereinsgr\u00fcndung (Gr\u00fcndungsmitglieder: H.J. Kuhl, Werner Wesinger, Helmut Hund, Stefan Rech, J\u00fcrgen Czapiewski, Heinrich Kasparbauer, Karl Wagner und Dieter Nell)<br \/>\n&#8230;<\/div>\n<div>1992\/93 &#8211; Erstellung 3ter Tennisplatz<br \/>\n&#8230;<\/div>\n<div>1995 &#8211; 10-j\u00e4hriges Jubil\u00e4um<\/div>\n<div>&#8230;<br \/>\n2016 &#8211; Wechsel kompletter Vorstand<br \/>\n&#8230;<br \/>\nDer Verein hat derzeit ca. 80 Mitglieder, davon ca. 20 Aktive Spieler.<\/div>\n","protected":false},"excerpt":{"rendered":"<p>Vereinschronik des TC Sch\u00f6ffengrund e.V. (z.Zt. noch unvollst\u00e4ndig!) &nbsp; 1985 &#8211; Vereinsgr\u00fcndung (Gr\u00fcndungsmitglieder: H.J. Kuhl, Werner Wesinger, Helmut Hund, Stefan<\/p>\n","protected":false},"author":1,"featured_media":0,"parent":0,"menu_order":0,"comment_status":"closed","ping_status":"closed","template":"","meta":{"ngg_post_thumbnail":0,"footnotes":""},"class_list":["post-32","page","type-page","status-publish","hentry"],"_links":{"self":[{"href":"http:\/\/tc-schoeffengrund.de\/index.php?rest_route=\/wp\/v2\/pages\/32","targetHints":{"allow":["GET"]}}],"collection":[{"href":"http:\/\/tc-schoeffengrund.de\/index.php?rest_route=\/wp\/v2\/pages"}],"about":[{"href":"http:\/\/tc-schoeffengrund.de\/index.php?rest_route=\/wp\/v2\/types\/page"}],"author":[{"embeddable":true,"href":"http:\/\/tc-schoeffengrund.de\/index.php?rest_route=\/wp\/v2\/users\/1"}],"replies":[{"embeddable":true,"href":"http:\/\/tc-schoeffengrund.de\/index.php?rest_route=%2Fwp%2Fv2%2Fcomments&post=32"}],"version-history":[{"count":4,"href":"http:\/\/tc-schoeffengrund.de\/index.php?rest_route=\/wp\/v2\/pages\/32\/revisions"}],"predecessor-version":[{"id":171,"href":"http:\/\/tc-schoeffengrund.de\/index.php?rest_route=\/wp\/v2\/pages\/32\/revisions\/171"}],"wp:attachment":[{"href":"http:\/\/tc-schoeffengrund.de\/index.php?rest_route=%2Fwp%2Fv2%2Fmedia&parent=32"}],"curies":[{"name":"wp","href":"https:\/\/api.w.org\/{rel}","templated":true}]}}